{"id":51,"date":"2018-05-26T14:36:17","date_gmt":"2018-05-26T11:36:17","guid":{"rendered":"http:\/\/deneme.lmk.com.tr\/?page_id=51"},"modified":"2021-07-30T16:45:56","modified_gmt":"2021-07-30T13:45:56","slug":"bakirkoy","status":"publish","type":"page","link":"https:\/\/www.lemankultur.com.tr\/?page_id=51","title":{"rendered":"Bak\u0131rk\u00f6y"},"content":{"rendered":"\n<h3><span style=\"color: #c41314;\">Leman K\u00fclt\u00fcr Bak\u0131rk\u00f6y<\/span><\/h3>\n<h4><br \/><span style=\"color: #333333;\">Zeytinlik Mahallesi, 34710, Halit Ziya U\u015fakl\u0131gil Cd. No:1, 34140 Bak\u0131rk\u00f6y\/\u0130stanbul\/ T\u00fcrkiye<\/span><\/h4>\n<h4><span style=\"color: #333333;\">0212 6604761<\/span><\/h4>\n","protected":false},"excerpt":{"rendered":"<p>Leman K\u00fclt\u00fcr Bak\u0131rk\u00f6y Zeytinlik Mahallesi, 34710, Halit Ziya U\u015fakl\u0131gil Cd. No:1, 34140 Bak\u0131rk\u00f6y\/\u0130stanbul\/ T\u00fcrkiye 0212 6604761<\/p>\n","protected":false},"author":1,"featured_media":4156,"parent":0,"menu_order":13,"comment_status":"closed","ping_status":"closed","template":"","meta":{"footnotes":""},"class_list":["post-51","page","type-page","status-publish","has-post-thumbnail","hentry"],"_links":{"self":[{"href":"https:\/\/www.lemankultur.com.tr\/index.php?rest_route=\/wp\/v2\/pages\/51","targetHints":{"allow":["GET"]}}],"collection":[{"href":"https:\/\/www.lemankultur.com.tr\/index.php?rest_route=\/wp\/v2\/pages"}],"about":[{"href":"https:\/\/www.lemankultur.com.tr\/index.php?rest_route=\/wp\/v2\/types\/page"}],"author":[{"embeddable":true,"href":"https:\/\/www.lemankultur.com.tr\/index.php?rest_route=\/wp\/v2\/users\/1"}],"replies":[{"embeddable":true,"href":"https:\/\/www.lemankultur.com.tr\/index.php?rest_route=%2Fwp%2Fv2%2Fcomments&post=51"}],"version-history":[{"count":6,"href":"https:\/\/www.lemankultur.com.tr\/index.php?rest_route=\/wp\/v2\/pages\/51\/revisions"}],"predecessor-version":[{"id":4732,"href":"https:\/\/www.lemankultur.com.tr\/index.php?rest_route=\/wp\/v2\/pages\/51\/revisions\/4732"}],"wp:featuredmedia":[{"embeddable":true,"href":"https:\/\/www.lemankultur.com.tr\/index.php?rest_route=\/wp\/v2\/media\/4156"}],"wp:attachment":[{"href":"https:\/\/www.lemankultur.com.tr\/index.php?rest_route=%2Fwp%2Fv2%2Fmedia&parent=51"}],"curies":[{"name":"wp","href":"https:\/\/api.w.org\/{rel}","templated":true}]}}